{"id":562,"date":"2026-04-04T15:27:02","date_gmt":"2026-04-04T13:27:02","guid":{"rendered":"https:\/\/inexpugnable.com\/?page_id=562"},"modified":"2026-04-04T16:45:53","modified_gmt":"2026-04-04T14:45:53","slug":"collection-temp","status":"publish","type":"page","link":"https:\/\/inexpugnable.com\/index.php\/collection-temp\/","title":{"rendered":"Collection-temp"},"content":{"rendered":"\t\t<div data-elementor-type=\"wp-page\" data-elementor-id=\"562\" class=\"elementor elementor-562\">\n\t\t\t\t<div class=\"elementor-element elementor-element-1c459c0 e-flex e-con-boxed e-con e-parent\" data-id=\"1c459c0\" data-element_type=\"container\" data-e-type=\"container\" data-settings=\"{&quot;background_background&quot;:&quot;classic&quot;}\">\n\t\t\t\t\t<div class=\"e-con-inner\">\n\t\t\t\t<div class=\"elementor-element elementor-element-005e7e2 elementor-widget__width-initial elementor-widget elementor-widget-html\" data-id=\"005e7e2\" data-element_type=\"widget\" data-e-type=\"widget\" data-widget_type=\"html.default\">\n\t\t\t\t\t<style>\n    .inexpugnable-wrapper {\n        background-color: #000000;\n        color: #F7F7F6;\n        font-family: 'Helvetica Neue', Helvetica, Arial, sans-serif;\n        min-height: 10vh; \n        display: flex;\n        flex-direction: column;\n        justify-content: center;\n        padding: 10vh 5% 40px 5%;\n        box-sizing: border-box;\n        overflow-x: hidden;\n    }\n\n    .ine-logo-full {\n        width: 100%;\n        display: flex;\n        justify-content: center;\n        align-items: center;\n        margin-bottom: 10vh;\n    }\n\n    .ine-logo-full svg {\n        width: 100%;\n        height: auto;\n        max-width: 1200px; \n        display: block;\n    }\n\n    .ine-footer {\n        display: flex;\n        justify-content: space-between;\n        align-items: flex-end;\n        width: 100%;\n        max-width: 1800px;\n        margin: 0 auto;\n    }\n\n    .ine-description {\n        max-width: 780px;\n        font-size: clamp(11px, 1vw, 14px);\n        line-height: 1.6;\n        text-transform: uppercase;\n        font-weight: 700;\n        letter-spacing: 0.5px;\n    }\n\n    .ine-description span {\n        color: #444;\n    }\n\n    .ine-description strong {\n        color: #F7F7F6;\n        font-weight: 800;\n    }\n\n    .ine-ulule-btn {\n        position: fixed;\n        bottom: 30px;\n        right: 30px;\n        z-index: 9999;\n        \n        background-color: #F7F7F6; \n        color: #000000;\n        border: 2px solid #F7F7F6;\n        \n        padding: 16px 32px;\n        text-decoration: none;\n        font-size: 11px;\n        font-weight: 900;\n        letter-spacing: 2px;\n        text-transform: uppercase;\n        \n        transition: all 0.3s ease-in-out, opacity 0.5s ease, visibility 0.5s;\n        opacity: 1;\n        visibility: visible;\n\n        animation: ine-pulse-highlight 2s infinite ease-in-out;\n    }\n\n    .ine-ulule-btn:hover {\n        background-color: transparent;\n        color: #F7F7F6;\n        border: 2px solid #F7F7F6;\n        transform: scale(1.05);\n        animation: none;\n    }\n\n    .ine-ulule-btn.is-hidden {\n        opacity: 0;\n        visibility: hidden;\n        pointer-events: none;\n    }\n\n    @keyframes ine-pulse-highlight {\n        0% { transform: scale(1); box-shadow: 0 0 0 0 rgba(247, 247, 246, 0.4); }\n        50% { transform: scale(1.05); box-shadow: 0 0 20px 5px rgba(247, 247, 246, 0.2); }\n        100% { transform: scale(1); box-shadow: 0 0 0 0 rgba(247, 247, 246, 0.4); }\n    }\n\n    @media (max-width: 768px) {\n        .ine-footer { flex-direction: column; align-items: flex-start; gap: 40px; }\n        .ine-description { max-width: 100%; }\n        .ine-ulule-btn {\n            right: 15px; bottom: 15px; left: 15px;\n            text-align: center;\n        }\n    }\n<\/style>\n\n<div class=\"inexpugnable-wrapper\">\n    <div class=\"ine-logo-full\">\n        <svg viewBox=\"0 0 1860 418\" fill=\"none\" xmlns=\"http:\/\/www.w3.org\/2000\/svg\">\n            <g clip-path=\"url(#clip0_58_26)\">\n                <path d=\"M1460.83 417.568H1400.12L1417.43 398.394V221.942L1405.71 208.901L1417.43 195.859V19.2521L1400.12 0H1488.62C1517.81 0 1541.49 23.1336 1541.49 51.6235V181.265C1541.49 191.046 1538.69 200.439 1533.34 208.668C1538.69 216.819 1541.49 226.212 1541.49 236.071V365.79C1541.49 394.202 1517.73 417.336 1488.62 417.336H1460.83V417.568ZM1466.88 369.128H1488.62C1490.56 369.128 1492.11 367.653 1492.11 365.945V236.226C1492.11 234.441 1490.56 233.043 1488.62 233.043H1466.88V369.128ZM1466.88 184.603H1488.62C1490.56 184.603 1492.11 183.128 1492.11 181.342V51.7012C1492.11 49.9157 1490.56 48.4407 1488.62 48.4407H1466.88V184.603Z\" fill=\"#F7F7F6\"\/>\n                <path d=\"M678.714 417.568H594.719L612.03 398.394V222.02L600.23 208.901L612.03 195.781V19.2521L594.796 0H683.294C712.482 0 736.159 23.1336 736.159 51.6235V181.265C736.159 209.755 712.405 232.888 683.294 232.888H661.558V398.239L678.791 417.413L678.714 417.568ZM661.558 184.603H683.294C685.157 184.603 686.787 183.128 686.787 181.342V51.7012C686.787 49.9157 685.235 48.4407 683.294 48.4407H661.558V184.603Z\" fill=\"#F7F7F6\"\/>\n                <path d=\"M1400.12 417.568H1241.6L1258.84 398.394V222.02L1247.04 208.901L1258.84 195.781V19.2521L1241.6 0H1400.12L1382.97 19.2521V195.626L1394.77 208.745L1382.97 221.865V398.239L1400.12 417.491V417.568ZM1308.21 398.394L1320.86 412.522L1333.52 398.394V233.043H1308.21V398.394ZM1308.21 184.603H1333.52V48.4407H1308.21V184.603Z\" fill=\"#F7F7F6\"\/>\n                <path d=\"M254.935 417.568L272.168 398.394V222.02L260.369 208.901L272.168 195.781V19.2521L254.935 0H396.298V64.8205L376.89 48.3631H321.541V184.525H364.237L383.644 168.068V249.268L364.237 232.811H321.541V368.895H376.89L396.298 352.437V417.258H254.935V417.568Z\" fill=\"#F7F7F6\"\/>\n                <path d=\"M83.995 417.568H0L17.2337 398.394V222.02L5.43406 208.901L17.2337 195.781V19.2521L0 0H83.995L66.6836 19.1745V195.548L78.4833 208.668L66.6836 221.787V398.161L83.995 417.336V417.568Z\" fill=\"#F7F7F6\"\/>\n                <path d=\"M254.934 417.568H170.94L188.251 398.394V306.403L150.523 214.257V398.472L167.757 417.646H83.917L101.151 398.472V222.098L89.351 208.978L101.151 195.859V19.2521L83.917 0H167.757L150.523 19.1745V111.165L188.251 203.234V19.2521L171.017 0H255.012L237.778 19.1745V195.626L249.578 208.745L237.778 221.865V398.316L255.012 417.491L254.934 417.568Z\" fill=\"#F7F7F6\"\/>\n                <path d=\"M1241.6 417.568H1157.61L1174.92 398.394V306.403L1137.19 214.257V398.472L1154.43 417.646H1070.59L1087.82 398.472V222.098L1076.02 208.978L1087.82 195.859V19.2521L1070.59 0H1154.43L1137.19 19.1745V111.165L1174.92 203.234V19.2521L1157.61 0H1241.6L1224.37 19.1745V195.626L1236.17 208.745L1224.37 221.865V398.316L1241.6 417.491V417.568Z\" fill=\"#F7F7F6\"\/>\n                <path d=\"M1000.41 417.491H982.09C952.901 417.491 929.224 394.357 929.224 365.945V221.787L917.657 208.823L929.224 195.859V51.7012C929.224 23.2112 952.979 0 982.167 0H1000.49C1029.68 0 1053.35 23.1336 1053.35 51.6235V136.472L1003.9 191.589V51.7012C1003.9 49.9157 1002.35 48.4407 1000.41 48.4407H982.09C980.149 48.4407 978.596 49.9157 978.596 51.7012V365.867C978.596 367.653 980.149 369.05 982.09 369.05H1000.41C1002.27 369.05 1003.9 367.575 1003.9 365.867V222.02L986.592 202.768H1053.35V365.945C1053.35 394.357 1029.6 417.491 1000.49 417.491H1000.41Z\" fill=\"#F7F7F6\"\/>\n                <path d=\"M840.959 417.491H822.716C793.527 417.491 769.773 394.357 769.773 365.945V222.02L757.973 208.901L769.773 195.781V19.2521L752.539 0H911.136L893.902 19.1745V195.548L905.779 208.668L893.902 221.787V365.712C893.902 394.124 870.148 417.258 840.959 417.258V417.491ZM819.145 19.2521V365.867C819.145 367.575 820.775 369.05 822.716 369.05H840.959C842.9 369.05 844.53 367.575 844.53 365.867V19.3297L831.876 5.20117L819.223 19.2521H819.145Z\" fill=\"#F7F7F6\"\/>\n                <path d=\"M1559.96 417.568L1577.2 398.394V221.942L1565.47 208.901L1577.2 195.859V19.2521L1559.96 0H1643.8L1626.57 19.1745V369.05H1681.92L1701.33 352.593V417.413H1559.96V417.568Z\" fill=\"#F7F7F6\"\/>\n                <path d=\"M1718.56 417.568L1735.79 398.394V221.942L1724.07 208.823L1735.79 195.704V19.2521L1718.56 0H1859.92V64.8205L1840.52 48.3631H1785.17V184.525H1827.86L1847.27 168.068V249.346L1827.86 232.888H1785.17V369.05H1840.52L1859.92 352.593V417.413H1718.56V417.568Z\" fill=\"#F7F7F6\"\/>\n                <path d=\"M561.338 394.357L582.065 417.568H498.225L512.742 401.266V279.543L496.517 252.528L480.293 279.543V401.266L494.809 417.568H410.97L431.697 394.357V279.078L472.064 211.773L431.697 144.546V23.1336L410.97 0H494.809L480.293 16.3022V144.002L496.517 171.018L512.742 144.002V16.3022L498.225 0H582.065L561.338 23.1336V144.546L520.971 211.773L561.338 279.078V394.357Z\" fill=\"#F7F7F6\"\/>\n            <\/g>\n            <defs>\n                <clipPath id=\"clip0_58_26\">\n                    <rect width=\"1860\" height=\"417.568\" fill=\"white\"\/>\n                <\/clipPath>\n            <\/defs>\n        <\/svg>\n    <\/div>\n\n    <footer class=\"ine-footer\">\n        <div class=\"ine-description\">\n           collection\n        <\/div>\n        <a href=\"https:\/\/ulule.com\" id=\"ulule-trigger\" target=\"_blank\" class=\"ine-ulule-btn\">\n            : D\u00c9COUVRIR LE DROP ALPHA SUR ULULE.\n        <\/a>\n    <\/footer>\n<\/div>\n\n<script>\n    document.addEventListener(\"DOMContentLoaded\", function() {\n        const btn = document.getElementById('ulule-trigger');\n        const elementorSection = document.querySelector('.elementor-element-5d830bf');\n\n        if (elementorSection && btn) {\n            const observer = new IntersectionObserver((entries) => {\n                entries.forEach(entry => {\n                    if (entry.isIntersecting) {\n                        btn.classList.add('is-hidden');\n                    } else {\n                        btn.classList.remove('is-hidden');\n                    }\n                });\n            }, { \n                threshold: 0.1\n            });\n\n            observer.observe(elementorSection);\n        }\n    });\n<\/script>\t\t\t\t<\/div>\n\t\t\t\t\t<\/div>\n\t\t\t\t<\/div>\n\t\t<div class=\"elementor-element elementor-element-7fb2ad9 e-con-full e-flex e-con e-parent\" data-id=\"7fb2ad9\" data-element_type=\"container\" data-e-type=\"container\" data-settings=\"{&quot;background_background&quot;:&quot;classic&quot;}\">\n\t\t\t\t<div class=\"elementor-element elementor-element-acf17e2 elementor-widget__width-inherit elementor-widget elementor-widget-heading\" data-id=\"acf17e2\" data-element_type=\"widget\" data-e-type=\"widget\" data-widget_type=\"heading.default\">\n\t\t\t\t\t<h2 class=\"elementor-heading-title elementor-size-default\">La l\u00e9gende brisera bientot sa coquille,<br>alors les designs du drop Alpha seront r\u00e9v\u00e9l\u00e9s. <br>Patience...<\/h2>\t\t\t\t<\/div>\n\t\t\t\t<\/div>\n\t\t<div class=\"elementor-element elementor-element-de88b6a e-con-full e-flex e-con e-parent\" data-id=\"de88b6a\" data-element_type=\"container\" data-e-type=\"container\" data-settings=\"{&quot;background_background&quot;:&quot;classic&quot;}\">\n\t\t\t\t<div class=\"elementor-element elementor-element-4fda19e elementor-widget elementor-widget-video\" data-id=\"4fda19e\" data-element_type=\"widget\" data-e-type=\"widget\" data-settings=\"{&quot;video_type&quot;:&quot;hosted&quot;,&quot;loop&quot;:&quot;yes&quot;,&quot;autoplay&quot;:&quot;yes&quot;}\" data-widget_type=\"video.default\">\n\t\t\t\t\t\t\t<div class=\"e-hosted-video elementor-wrapper elementor-open-inline\">\n\t\t\t\t\t<video class=\"elementor-video\" src=\"http:\/\/inexpugnable.com\/wp-content\/uploads\/2026\/04\/Oeuf-Alpha.mp4\" autoplay=\"\" loop=\"\" controlsList=\"nodownload\"><\/video>\n\t\t\t\t<\/div>\n\t\t\t\t\t\t<\/div>\n\t\t\t\t<\/div>\n\t\t\t\t<\/div>\n\t\t","protected":false},"excerpt":{"rendered":"<p>collection : D\u00c9COUVRIR LE DROP ALPHA SUR ULULE. La l\u00e9gende brisera bientot sa coquille,alors les designs du drop Alpha seront r\u00e9v\u00e9l\u00e9s. Patience&#8230; http:\/\/inexpugnable.com\/wp-content\/uploads\/2026\/04\/Oeuf-Alpha.mp4<\/p>\n","protected":false},"author":1,"featured_media":0,"parent":0,"menu_order":0,"comment_status":"closed","ping_status":"closed","template":"elementor_header_footer","meta":{"footnotes":""},"class_list":["post-562","page","type-page","status-publish","hentry"],"_links":{"self":[{"href":"https:\/\/inexpugnable.com\/index.php\/wp-json\/wp\/v2\/pages\/562","targetHints":{"allow":["GET"]}}],"collection":[{"href":"https:\/\/inexpugnable.com\/index.php\/wp-json\/wp\/v2\/pages"}],"about":[{"href":"https:\/\/inexpugnable.com\/index.php\/wp-json\/wp\/v2\/types\/page"}],"author":[{"embeddable":true,"href":"https:\/\/inexpugnable.com\/index.php\/wp-json\/wp\/v2\/users\/1"}],"replies":[{"embeddable":true,"href":"https:\/\/inexpugnable.com\/index.php\/wp-json\/wp\/v2\/comments?post=562"}],"version-history":[{"count":24,"href":"https:\/\/inexpugnable.com\/index.php\/wp-json\/wp\/v2\/pages\/562\/revisions"}],"predecessor-version":[{"id":611,"href":"https:\/\/inexpugnable.com\/index.php\/wp-json\/wp\/v2\/pages\/562\/revisions\/611"}],"wp:attachment":[{"href":"https:\/\/inexpugnable.com\/index.php\/wp-json\/wp\/v2\/media?parent=562"}],"curies":[{"name":"wp","href":"https:\/\/api.w.org\/{rel}","templated":true}]}}